, 3*z - 2*b = -0*z + 569773. Is z composite?
True
Let s(f) = -2*f + 47. Let m be s(21). Suppose 2*o - 10059 = -q, 0*q - 50308 = -m*q + 3*o. Is q prime?
True
Let f be (-2 - (-1 + -2 + -93))/(-2). Let l = f - -38. Is (-6 - l) + 2202/3 a composite number?
True
Let g = 122 - 119. Suppose -v - g*v + 3340 = 0. Let s = 1784 - v. Is s a composite number?
True
Let c be -3 + (-15)/(0 + -1). Is ((-20)/c)/((-5)/6) + 251 a prime number?
False
Suppose 3*u + 5*y - y - 32 = 0, 5*u = -y + 42. Let w be 4/u + 9401/2. Suppose -w = -0*g - 3*g + o, -4701 = -3*g - 5*o. Is g composite?
False
Let j = 658 - 464. Suppose 66 = -3*q + 405. Let z = q + j. Is z a prime number?
True
Let v(b) = -6*b**2 + 38*b - 14. Let q be v(6). Is (-31)/(-62)*(8404 + q) a prime number?
True
Let p = 120 + -118. Suppose -4*h - 5*f = -172, -5*h + 215 = -p*f + f. Suppose -h = -z + 5*j, -j = 2*z + 4*j - 56. Is z a prime number?
False
Let f be 9/(135/6)*95. Let q = f - 50. Let t(j) = -j**3 - 8*j**2 - 2*j + 14. Is t(q) a prime number?
False
Let l(b) = 71*b + 3. Let d(r) = -75*r - 1. Let y(a) = -4*d(a) - 3*l(a). Let f = 27 + -19. Is y(f) a composite number?
False
Let o(r) = 5 - r + 172*r**2 - 16*r**2 + 0 - 3. Let s be o(2). Let i = 878 - s. Is i a prime number?
False
Is (-395082)/(-42) + 2/7 composite?
True
Let q(c) = 627*c**3 + 4*c - 4405*c**3 - 4963 + 4*c + 4*c**2 + 4967. Is q(-1) composite?
True
Suppose 3 = -z + 11. Is (-102)/9*(-60)/z a composite number?
True
Let m = 106 - 74. Suppose -m*j + 23868 + 116644 = 0. Is j prime?
True
Let b = 54 + -52. Suppose 51*k = 50*k - b. Is 7851/(-12)*-4*(-1 - k) a composite number?
False
Let n = 0 + 2. Let u be 3/(-42) + (-2146)/(-1036). Suppose n*l - 2*d = 330, -4*d = -u*l - 0*d + 338. Is l prime?
False
Suppose -4*n - 3*r = -11, -3*r - r + 2 = -n. Suppose 5*c + q - 5157 = 0, 2 = n*q - 2. Suppose m = 4*w + 523, 0*m + 2*m - c = 3*w. Is m a composite number?
True
Suppose 9*p - 223 = 128. Let c = -1761 - -962. Let k = p - c. Is k prime?
False
Suppose -7 + 1 = -3*c. Suppose m + 18 = 2*z - 3*m, 0 = c*z + 2*m. Suppose -221 = -p + 5*u + 265, z*u = 3. Is p composite?
False
Let n = -85 + 90. Let l(t) = -45*t + 14. Let o be l(n). Let g = o + 446. Is g prime?
False
Let f = 257822 - -19589. Is f a composite number?
False
Let q be 2/(-14) - -43454*(-2)/28. Let u = q - -7153. Is u a composite number?
False
Let r = 2678699 - 1033612. Is r a prime number?
True
Suppose -3*h + 72 = 4*p, -5*h - 5*p = -86 - 29. Suppose -10*u + h = -6*u. Suppose -u*x + 3*x = -124. Is x a prime number?
False
Let h(v) = -v. Let n(d) = 2*d - 6. Let t(c) = -4*h(c) - n(c). Let f be t(-3). Suppose f = -m + 7*m - 4602. Is m composite?
True
Suppose 4*k - 90412 = 4*p, -4*p + 6*p - 67819 = -3*k. Let f = k + -6878. Is f a prime number?
True
Is ((-2924984)/354)/(12/(-117)) prime?
False
Suppose -5*u = 3*l + 51, -3*u + 5*l = 3*l + 42. Let g be (-13)/(-4) - (-3)/u. Suppose 0 = 4*n + 5*f - 6 - 33, -2*n = g*f - 21. Is n composite?
True
Is (-3)/(255/10) + (-1191738)/(-34) a composite number?
False
Suppose 5*x - 5 = -3*y, 4*x = 3*x + 3*y + 19. Let c be 17*125*x/5. Let l = c + -882. Is l prime?
False
Suppose -15*d + 79854 = 2*d - 11*d. Is d a prime number?
True
Suppose 81882 = 51*j - 45*j. Let r = j + -3136. Is r a prime number?
False
Suppose 821403 = -9*o + 3288456. Is o a composite number?
False
Let b(j) = -589*j - 307. Is b(-2) prime?
False
Let j(z) = 190498*z**2 + 2*z + 11. Is j(-1) a prime number?
True
Let j = 31411 - -285132. Is j prime?
False
Let o be 12 + 16271 - (9 + (-2 - 2)). Let h = o - 1579. Is h a prime number?
True
Let f(w) = -3*w**2 - 2*w + 1 + 35*w**2 - 26*w**2. Let k(y) = -2*y**2 - 4*y - 2. Let o be k(-3). Is f(o) a prime number?
True
Let v(s) = -s**2 + 14*s - 35. Let f be v(7). Let l = f - 9. Suppose a - 13718 = -l*j, -j + 0*a = -2*a - 2737. Is j prime?
False
Let s(g) = -805*g - 888. Is s(-35) a prime number?
False
Let a(b) = -b**3 - 8*b**2 - 7*b + 10. Let s be a(-7). Let j be s/(-55) + 3*30/11. Suppose -j*p + 9*p = 298. Is p composite?
True
Let x = -149932 - -215753. Is x composite?
True
Let i = 554 - 359. Let r be (-6)/(-27) + (-920)/9. Let t = r + i. Is t a prime number?
False
Suppose 0*b - 5*b = -25. Suppose -l = 5*d - 18, -3*d = b*l + 2*d - 30. Suppose 5*m - 4961 = -l*r + 10*m, 0 = -r + 3*m + 1651. Is r prime?
True
Let f(b) = b**3 + 3*b**2 - 2. Let s be f(-2). Suppose -18 = -3*l + 3*v, s*v - 3*v - 30 = -4*l. Is ((-2882)/l)/((-4)/16) composite?
True
Is (0 - -1)/(-11 - (-292)/195746*7374) a composite number?
True
Is 2/(-7) - (6 - 8/168*692103) a prime number?
False
Is 2 + (12 - 26998)*9/(-6) a prime number?
False
Let u be (-25653)/102*(-2 + 0). Let z = 1056 + u. Is z prime?
True
Suppose -30030 = 2*r - 4*r + 5*x, -2*x + 60060 = 4*r. Suppose -194 + r = j. Is j a composite number?
False
Suppose -2*p + 32945 = 5*a, 0 = -0*a - a + 4*p + 6611. Let r = a + -3634. Is r composite?
False
Suppose -3*x = -4*b - 21, -b - 26 = -5*x - 8. Suppose -5*q - 27540 = -2*t, 0 = 2*q - x*q - 2. Is t prime?
False
Let w = 55 + -30. Suppose -17 = 4*m - w. Suppose -447 = -m*d + h, -2*h + 222 = d - h. Is d a prime number?
True
Let w(t) = -127*t**3 + 19*t**2 + 42*t - 5. Is w(-8) prime?
True
Suppose z + 206662 = 5*u, -5*z = -9 - 6. Is u prime?
True
Suppose -10 = 5*w, 6*h - h - 4 = -3*w. Let u be 22670/4*252/70 - -9. Suppose -3*g - h*j = -j - u, -5*j = -15. Is g a prime number?
True
Suppose 2*i + 3*i = -275. Is 10/i - (-2)/(88/4012) composite?
True
Suppose -8075*q + 8072*q = -222801. Is q prime?
False
Suppose 1447 = -3*i - u, 3*u + 1936 = -i - 3*i. Let v = -12 - i. Suppose 6*m = 5*m + v. Is m composite?
True
Let c = -200873 + 295620. Is c a composite number?
False
Let w = 30 - 82. Let s be (-4960)/(-3)*(-117)/w. Suppose 0 = 4*k - 3740 - s. Is k a composite number?
True
Let y(p) = 7*p**2 + 10*p + 13. Let a(h) = -h. Let b(s) = 3*a(s) + y(s). Suppose -3*g = -0 + 18. Is b(g) a prime number?
True
Suppose -5*q - 122 = -47. Is q/35 - 0 - 243588/(-21) prime?
False
Suppose 0 = -4*h + o + 30 - 13, 5*o = 4*h - 37. Suppose -p + 3*i = -0*i - 680, -4*i = h*p - 2027. Is p prime?
True
Suppose -1248074 = -5*m + 4*r + 516365, -5*m = -2*r - 1764427. Is m a composite number?
False
Let x = -14331 - -123872. Is x a prime number?
True
Is 31/(-186) - 5381055/(-54) composite?
True
Suppose 15*a = 18*a - 5217. Is a composite?
True
Suppose 204*k = 207*k. Suppose -3*m + y + 5610 + 883 = 0, -3*m + 2*y + 6491 = k. Is m prime?
False
Let c(d) be the first derivative of 61*d**3/3 - d**2/2 - 11*d + 236. Is c(6) composite?
False
Suppose 143756339 = -54*y + 121*y. Is y a composite number?
False
Suppose 4*m = 6310 + 9622. Let r = m + 782. Suppose 0 = -4*u + r + 3879. Is u a prime number?
True
Let p = -103612 + 178039. Is p a composite number?
True
Suppose 5*h - 2*u = 3*u - 1870, -5*u = -3*h - 1118. Let i = -185 - h. Is i a prime number?
True
Suppose 5*l + 4*i = 110, -3*l - 2*l + 2*i + 110 = 0. Let u = 25 - l. Suppose u*j - 136 - 341 = 0. Is j composite?
True
Let l(n) = 4*n - 85. Let j be l(27). Suppose -x + 4438 = 4*o, -j*o + 2*x = -25*o + 2222. Is o a prime number?
True
Let g(k) = k**2 - 9*k + 16. Let t(l) = -6*l**3 - l. Let a be t(-1). Let y be g(a). Is -22*y/6*(-285)/10 a composite number?
True
Is 398331/3 - (0 + -12) a composite number?
True
Let b be (-168)/(-18) - 6/(-9). Suppose 0 = b*u - 3*u - 5663. Is u composite?
False
Let y = 3 + 6. Let g(k) = k**2 - 6*k - 29. Let i be g(y). Is i - -1 - 1 - -979 a prime number?
True
Suppose -11*z - 24*z = -7*z - 11498060. Is z prime?
False
Let h(g) = 310*g**2 - 76*g + 31. Is h(7) composite?
True
Let i = -19017 - -343360. Is i composite?
True
Suppose 0*l - l + 423623 = 4*n, -4*n - 423567 = -l. Is l a composite number?
True
Suppose d + 60 = -154. Suppose 63123 = -59*p + 51*p + 61*p. Let u = p - d. Is u composite?
True
Let q be (32/12 + -4)*-9. Let x(a) = 6 + 6*a**2 + 4 + 7*a - 10*a - q*a. Is x(7) composite?
False
Suppose 29*v + 27 + 31 = 0. Is (v*3022/8)/(2/(-4)) composite?
False
Let s = 29639 + -19761. Suppose s = -733*t + 735*t. Is t prime?
False
Let s be -182 + 3 - 2/6*6. Let a = 299 + s. Is a composite?
True
Let m be 2177 + (-12)/15*(-40)/(-16). Suppose -5*p - m = -c + 709, 5796 = 2*c + 4*p. Is c a prime number?
False
Suppose 0 = 2*b + 5*h - 288421, -288412 = -2*b - 0*b - 2*h. Is b prime?
True
Let h(m) = -m**3 + 71*